 10?
-101
533 (base 9) to base 10
435
-651 (base 13) to base 9
-1430
What is -10 (base 7) in base 3?
-21
What is -3b7 (base 14) in base 5?
-10444
-3246 (base 7) to base 3
-1121000
Convert 1302033 (base 4) to base 10.
7311
33271 (base 8) to base 13
64b8
What is -1af (base 16) in base 14?
-22b
Convert -8e8 (base 15) to base 11.
-1575
23226 (base 8) to base 12
5872
Convert -21213 (base 5) to base 15.
-658
Convert -3621b (base 12) to base 16.
-11cb7
What is -122211011 (base 3) in base 9?
-18734
What is -18d2 (base 16) in base 7?
-24345
266 (base 14) to base 9
585
Convert -167 (base 9) to base 2.
-10001110
Convert 20c (base 13) to base 2.
101011110
Convert 553353 (base 6) to base 15.
da19
What is -1041 (base 7) in base 11?
-309
101 (base 2) to base 5
10
What is -1331 (base 13) in base 11?
-2075
What is -11362 (base 12) in base 4?
-11212322
What is 348 (base 14) in base 6?
3004
What is 342 (base 14) in base 16?
286
-1335 (base 14) to base 12
-1b57
What is -7623 (base 12) in base 15?
-3cac
What is -54120 (base 6) in base 8?
-16340
What is -42577 (base 8) in base 11?
-12404
What is -101100001 (base 2) in base 15?
-188
What is 172c (base 15) in base 12?
2a80
What is c6c (base 15) in base 11?
2118
Convert 4522 (base 6) to base 8.
2042
Convert 40240 (base 5) to base 7.
10331
What is 194f (base 16) in base 5?
201404
What is -8840 (base 9) in base 8?
-14564
-10111100111011 (base 2) to base 15
-38b1
What is 20 (base 6) in base 16?
c
-36133 (base 8) to base 16
-3c5b
Convert 130312 (base 4) to base 6.
12314
4280 (base 9) to base 6
22330
Convert -56b (base 12) to base 6.
-3415
Convert -695 (base 10) to base 2.
-1010110111
-223 (base 5) to base 8
-77
What is -5620 (base 12) in base 10?
-9528
-2ac (base 14) to base 5
-4134
9a7 (base 13) to base 3
2021102
Convert 205353 (base 8) to base 5.
4141311
Convert 424 (base 7) to base 10.
214
1121211 (base 3) to base 12
827
-1211111 (base 3) to base 10
-1336
What is 2b71 (base 14) in base 2?
1111000111111
Convert -170 (base 9) to base 10.
-144
25948 (base 12) to base 13
1a56a
What is -135 (base 16) in base 5?
-2214
What is -1001011011010 (base 2) in base 10?
-4826
Convert 1956 (base 12) to base 7.
12003
What is -405a (base 11) in base 2?
-1010100001101
-22200 (base 4) to base 16
-2a0
1213 (base 7) to base 16
1c3
-3c55 (base 15) to base 11
-9772
Convert 2516 (base 14) to base 6.
50012
What is b89 (base 16) in base 12?
1861
What is -111111011110 (base 2) in base 4?
-333132
What is 13584 (base 12) in base 8?
64164
What is 40133 (base 6) in base 9?
7163
Convert -1648 (base 9) to base 11.
-a45
What is 121000020 (base 3) in base 13?
5409
-75740 (base 8) to base 13
-11585
110220 (base 5) to base 15
11e0
Convert -210021 (base 3) to base 14.
-2d0
What is -112013 (base 4) in base 7?
-4061
What is -10010100010 (base 2) in base 16?
-4a2
289b6 (base 12) to base 10
56730
Convert -513 (base 8) to base 12.
-237
-606 (base 13) to base 8
-1774
Convert 1102100010 (base 3) to base 12.
14210
Convert 522c (base 14) to base 2.
11011101001000
What is -54472 (base 9) in base 11?
-25148
Convert 2351 (base 10) to base 4.
210233
Convert 1052 (base 8) to base 6.
2322
What is 75db (base 14) in base 3?
1000221212
Convert -1553 (base 8) to base 2.
-1101101011
764 (base 11) to base 13
557
What is -251114 (base 7) in base 9?
-70115
-1001001101001101 (base 2) to base 4
-21031031
Convert -544 (base 11) to base 3.
-220012
What is 61a (base 12) in base 16?
376
What is -1441 (base 12) in base 14?
-c01
What is -1100230 (base 4) in base 5?
-131124
Convert 6f67 (base 16) to base 2.
110111101100111
What is -2001100 (base 3) in base 16?
-5d6
What is 10222222 (base 3) in base 8?
5543
1123 (base 5) to base 15
ad
Convert a40 (base 13) to base 9.
2345
-777 (base 13) to base 12
-8a9
Convert 1242414 (base 6) to base 12.
3340a
Convert -123033 (base 4) to base 8.
-3317
b4 (base 14) to base 2
10011110
10012 (base 5) to base 11
525
What is -3312 (base 5) in base 8?
-711
What is 13012 (base 4) in base 14?
246
-3afe (base 16) to base 3
-202201100
What is 11101101 (base 2) in base 11?
1a6
-540 (base 14) to base 8
-2014
What is 2aa4a (base 11) in base 2?
1010101101010000
-3f (base 16) to base 14
-47
1101011010110 (base 2) to base 7
26013
What is 25494 (base 10) in base 8?
61626
What is 2ca (base 16) in base 5?
10324
Convert 935 (base 10) to base 14.
4ab
What is 3313 (base 13) in base 9?
10674
Convert -2ce7 (base 16) to base 11.
-8700
Convert 13b9 (base 16) to base 15.
1769
Convert 14626 (base 7) to base 11.
3086
What is 155 (base 10) in base 8?
233
Convert 1001101000111010 (base 2) to base 3.
2000011022
What is -451 (base 11) in base 13?
-327
2242123 (base 5) to base 15
be0d
1552 (base 14) to base 6
25324
14061 (base 11) to base 6
232424
8d41 (base 15) to base 10
29986
Convert 5122 (base 13) to base 3.
120100011
Convert -4570 (base 10) to base 2.
-1000111011010
Convert -123ae (base 16) to base 2.
-10010001110101110
15b9 (base 15) to base 14
19bc
3010032 (base 4) to base 11
9487
100110010110010 (base 2) to base 4
10302302
9458 (base 12) to base 10
16196
Convert 31021 (base 5) to base 2.
11111011011
Convert 22530 (base 7) to base 4.
1121322
Convert -9a8 (base 14) to base 8.
-3570
What is 104324 (base 5) in base 9?
5076
1b9 (base 12) to base 15
140
Convert 6e1 (base 15) to base 6.
11121
Convert 269 (base 11) to base 5.
2232
Convert 26106 (base 7) to base 5.
210130
Convert -111002222 (base 3) to base 9.
-14088
Convert -241 (base 14) to base 10.
-449
Convert 12032100 (base 4) to base 13.
b7a8
-492 (base 15) to base 12
-725
Convert -1141 (base 14) to base 5.
-43442
Convert -15155 (base 6) to base 12.
-14bb
Convert -953 (base 10) to base 6.
-4225
Convert 1110011 (base 2) to base 9.
137
Convert -31279 (base 12) to base 10.
-64317
What is 48050 (base 11) in base 3?
10112000110
Convert -1281b (base 15) to base 14.
-17809
Convert 1166 (base 8) to base 4.
21312
22dc (base 14) to base 3
22022222
What is 107 (base 16) in base 3?
100202
54 (base 14) to base 10
74
1c5 (base 14) to base 4
11301
Convert -321221 (base 4) to base 16.
-e69
Convert 1422 (base 16) to base 11.
3966
What is 1012010221 (base 3) in base 15?
6e24
Convert -40143 (base 5) to base 6.
-15444
Convert 30425 (base 6) to base 16.
fd1
Convert -11330 (base 6) to base 3.
-2020200
Convert 664b (base 13) to base 2.
11011110110011
100000101010 (base 2) to base 5
31330
What is 72a4 (base 16) in base 5?
1414343
What is 2a7ba (base 12) in base 5?
3404102
Convert -16125 (base 7) to base 16.
-11af
What is -22519 (base 11) in base 3?
-1122200021
6456 (base 7) to base 2
100011110111
Convert 10010011110010 (base 2) to base 14.
3638
-87 (base 16) to base 13
-a5
-2200314 (base 5) to base 11
-26268
-110 (base 11) to base 9
-156
Convert 631 (base 11) to base 7.
2134
What is -1241 (base 7) in base 15?
-215
Convert -4105 (base 15) to base 12.
-7b42
-2112 (base 11) to base 15
-c66
Convert 383 (base 9) to base 6.
1250
What is -11110011111001 (base 2) in base 15?
-4959
1822 (base 9) to base 5
21042
What is -233 (base 13) in base 4?
-11330
Convert -3838 (base 12) to base 10.
-6380
Convert 30 (base 15) to base 12.
39
-11ad (base 15) to base 5
-110023
What is 101010010 (base 2) in base 13?
200
What is 21300 (base 5) in base 13?
877
Convert 194d (base 14) to base 10.
4577
Convert -d4 (base 16) to base 7.
-422
5046 (base 7) to base 9
2353
Convert -2164 (base 7) to base 6.
-3341
24312 (base 6) to base 15
10d2
Convert -c928 (base 13) to base 8.
-66417
Convert -3a9 (base 14) to base 10.
-737
What is 2c8b (base 15) in base 2?
10010101101101
What is 14b3 (base 12) in base 9?
3310
What is -172b (base 16) in base 7?
-23202
Convert 212032 (base 4) to base 5.
34241
What is 95b (base 12) in base 13?
812
10120112 (base 4) to base 15
54b2
What is 2828 (base 15) in base 3?
102210002
Convert 514 (base 16) to base 15.
5ba
-110002 (base 3) to base 10
-326
-11011111 (base 2) to base 3
-22021
What is -113212 (base 4) in base 2?
-10111100110
Convert 1620 (base 10) to base 13.
978
-1097 (base 13) to base 3
-10011222
Convert -658 (base 12) to base 16.
-3a4
What is -b29 (base 12) in base 14?
-837
-13132 (base 4) to base 15
-21d
Convert 233132 (base 4) to base 16.
bde
What is 64 (base 12) in base 13?
5b
623 (base 8) to base 2
110010011
Convert -232 (base 9) to base 16.
-bf
Wh